late the remainder when 1233314 is divided by 1811.
23
What is the remainder when 1301803 is divided by 6606?
421
What is the remainder when 7031565 is divided by 51?
42
What is the remainder when 10122 is divided by 355?
182
Calculate the remainder when 16444336 is divided by 485.
411
What is the remainder when 180627 is divided by 358?
195
What is the remainder when 71138 is divided by 33306?
4526
Calculate the remainder when 1375027 is divided by 26.
17
What is the remainder when 9700295 is divided by 556?
319
Calculate the remainder when 7428222 is divided by 337641.
120
What is the remainder when 164369 is divided by 486?
101
Calculate the remainder when 130298 is divided by 18450.
1148
What is the remainder when 101195 is divided by 50522?
151
Calculate the remainder when 149166 is divided by 232.
222
What is the remainder when 231255 is divided by 5356?
947
Calculate the remainder when 5100453 is divided by 1505.
8
Calculate the remainder when 59344 is divided by 1977.
34
Calculate the remainder when 871068 is divided by 2503.
24
Calculate the remainder when 1918406 is divided by 165.
116
What is the remainder when 50578 is divided by 1749?
1606
What is the remainder when 21855897 is divided by 22?
19
Calculate the remainder when 160723 is divided by 30406.
8693
What is the remainder when 218487 is divided by 9103?
15
Calculate the remainder when 23785464 is divided by 6763.
6756
What is the remainder when 182828 is divided by 748?
316
Calculate the remainder when 579372 is divided by 7150.
222
What is the remainder when 185992 is divided by 612?
556
Calculate the remainder when 19629535 is divided by 7151.
40
Calculate the remainder when 266219 is divided by 900.
719
What is the remainder when 30229472 is divided by 392?
0
Calculate the remainder when 11145785 is divided by 68379.
8
Calculate the remainder when 7901734 is divided by 526782.
4
What is the remainder when 185292 is divided by 858?
822
Calculate the remainder when 4326497 is divided by 2036.
2033
Calculate the remainder when 45706 is divided by 4146.
100
Calculate the remainder when 2031287 is divided by 27.
23
Calculate the remainder when 77322 is divided by 457.
89
What is the remainder when 11792749 is divided by 215?
214
Calculate the remainder when 553679 is divided by 553190.
489
What is the remainder when 52263311 is divided by 585?
581
Calculate the remainder when 26645525 is divided by 2378.
35
What is the remainder when 157771 is divided by 980?
971
Calculate the remainder when 12113199 is divided by 448637.
0
Calculate the remainder when 342483906 is divided by 7202.
7200
What is the remainder when 1217762 is divided by 39?
26
Calculate the remainder when 12281 is divided by 1324.
365
Calculate the remainder when 1930434 is divided by 5437.
299
What is the remainder when 1037924 is divided by 518817?
290
What is the remainder when 68383220 is divided by 702?
698
Calculate the remainder when 8330788 is divided by 65.
63
Calculate the remainder when 6822772 is divided by 392.
12
What is the remainder when 2889795 is divided by 925?
95
What is the remainder when 1620801 is divided by 1013?
1
What is the remainder when 503073 is divided by 2779?
74
Calculate the remainder when 48354673 is divided by 29.
15
Calculate the remainder when 7192255 is divided by 16572.
7
What is the remainder when 38462 is divided by 9582?
134
What is the remainder when 17132338 is divided by 386?
114
Calculate the remainder when 28318 is divided by 3077.
625
Calculate the remainder when 5587711 is divided by 1862564.
19
Calculate the remainder when 91687 is divided by 8303.
354
Calculate the remainder when 1022699 is divided by 510942.
815
What is the remainder when 12760888 is divided by 721?
630
What is the remainder when 9581872 is divided by 758?
752
What is the remainder when 18675 is divided by 5704?
1563
What is the remainder when 1349809 is divided by 329?
251
Calculate the remainder when 99241736 is divided by 32581.
10
What is the remainder when 227548 is divided by 1210?
68
What is the remainder when 15405 is divided by 728?
117
What is the remainder when 1365 is divided by 77?
56
Calculate the remainder when 564088 is divided by 256.
120
What is the remainder when 325280028 is divided by 13?
8
What is the remainder when 29371 is divided by 95?
16
Calculate the remainder when 57680 is divided by 1442.
0
What is the remainder when 383350079 is divided by 456?
455
What is the remainder when 3972832 is divided by 551?
122
Calculate the remainder when 109806360 is divided by 6463.
6453
What is the remainder when 573641 is divided by 3?
2
Calculate the remainder when 97393 is divided by 250.
143
What is the remainder when 196330 is divided by 98153?
24
Calculate the remainder when 81794 is divided by 1426.
512
What is the remainder when 81728847 is divided by 281?
278
Calculate the remainder when 39278 is divided by 531.
515
Calculate the remainder when 620709 is divided by 103388.
381
Calculate the remainder when 1189684 is divided by 287.
69
Calculate the remainder when 6966425 is divided by 864.
857
What is the remainder when 10942671 is divided by 578?
553
Calculate the remainder when 12133 is divided by 789.
298
What is the remainder when 73020 is divided by 5596?
272
What is the remainder when 742433 is divided by 2342?
19
What is the remainder when 3837711309 is divided by 537?
534
Calculate the remainder when 93518 is divided by 570.
38
What is the remainder when 48754132 is divided by 3718?
3716
Calculate the remainder when 47520019 is divided by 81790.
29
What is the remainder when 210465131 is divided by 23?
20
Calculate the remainder when 29720262 is divided by 56.
54
Calculate the remainder when 77388 is divided by 2314.
1026
Calculate the remainder when 12152 is divided by 10997.
1155
Calculate the remainder when 1807191 is divided by 226.
95
What is the remainder when 13385267 is divided by 6692626?
15
Calculate the remainder when 58019 is divided by 817.
12
Calculate the remainder when 1270612 is divided by 115.
92
Calculate the remainder when 371322 is divided by 81.
18
Calculate the remainder when 428980 is divided by 264.
244
Calculate the remainder when 23840 is divided by 1600.
1440
Calculate the remainder when 7599086 is divided by 116909.
1
What is the remainder when 1403545 is divided by 927?
67
What is the remainder when 2499828 is divided by 2078?
2072
What is the remainder when 3232464 is divided by 1616191?
82
What is the remainder when 225218 is divided by 112133?
952
What is the remainder when 3272214 is divided by 409023?
30
What is the remainder when 5636554 is divided by 57?
52
What is the remainder when 1747018 is divided by 1167?
19
Calculate the remainder when 22797730 is divided by 555.
550
Calculate the remainder when 148483 is divided by 2089.
164
What is the remainder when 187416 is divided by 921?
453
What is the remainder when 34208130 is divided by 86?
82
What is the remainder when 369105 is divided by 71978?
9215
Calculate the remainder when 37498 is divided by 5016.
2386
What is the remainder when 180287 is divided by 5440?
767
What is the remainder when 323341893 is divided by 50?
43
What is the remainder when 620585 is divided by 1145?
1140
What is the remainder when 583897 is divided by 20841?
349
Calculate the remainder when 46513 is divided by 11162.
1865
What is the remainder when 32601982 is divided by 99?
94
Calculate the remainder when 96294 is divided by 198.
66
What is the remainder when 152514 is divided by 9463?
1106
What is the remainder when 6704814 is divided by 109?
6
What is the remainder when 1071218 is divided by 857?
825
What is the remainder when 13116529 is divided by 25?
4
Calculate the remainder when 33231012 is divided by 8307750.
12
Calculate the remainder when 17783511 is divided by 568.
567
What is the remainder when 1232880322 is divided by 653?
650
Calculate the remainder when 2483598 is divided by 15819.
15
Calculate the remainder when 58550 is divided by 239.
234
What is the remainder when 1628542 is divided by 41?
22
What is the remainder when 385166 is divided by 64189?
32
What is the remainder when 6516368 is divided by 592397?
1
What is the remainder when 225201 is divided by 28147?
25
Calculate 